base 5) in base 16?
-11e
1 (base 15) to base 11
1
What is 0 (base 5) in base 6?
0
-1 (base 7) to base 14
-1
What is 2 (base 15) in base 8?
2
What is 45 (base 14) in base 3?
2021
122 (base 8) to base 6
214
Convert 3 (base 16) to base 7.
3
-32 (base 14) to base 13
-35
Convert -2 (base 5) to base 15.
-2
What is -3 (base 15) in base 9?
-3
-a (base 12) to base 15
-a
What is -2b (base 16) in base 6?
-111
Convert -2 (base 5) to base 4.
-2
-22 (base 3) to base 2
-1000
3 (base 8) to base 2
11
-101000011 (base 2) to base 4
-11003
Convert -110101 (base 2) to base 9.
-58
-3 (base 11) to base 4
-3
-2 (base 9) to base 7
-2
What is 0 (base 3) in base 15?
0
4 (base 13) to base 9
4
17 (base 9) to base 13
13
What is b (base 16) in base 4?
23
What is 200 (base 7) in base 14?
70
0 (base 8) to base 10
0
Convert -c (base 13) to base 16.
-c
Convert 12 (base 4) to base 13.
6
-1 (base 14) to base 7
-1
-6 (base 8) to base 11
-6
3 (base 16) to base 2
11
-1f (base 16) to base 6
-51
Convert 5 (base 11) to base 15.
5
What is 2c (base 15) in base 12?
36
What is -1001 (base 3) in base 7?
-40
What is -b8 (base 15) in base 5?
-1143
What is -1b (base 13) in base 7?
-33
-234 (base 5) to base 12
-59
Convert 1 (base 16) to base 10.
1
What is 11001 (base 2) in base 14?
1b
103 (base 8) to base 6
151
31 (base 4) to base 16
d
-12 (base 11) to base 6
-21
What is 32 (base 10) in base 14?
24
Convert 12202 (base 3) to base 7.
311
What is -20 (base 8) in base 16?
-10
7 (base 12) to base 5
12
-1 (base 4) to base 11
-1
Convert 9 (base 13) to base 12.
9
What is -6 (base 11) in base 12?
-6
What is 0 (base 13) in base 14?
0
-20 (base 16) to base 8
-40
Convert 33 (base 16) to base 15.
36
What is 2 (base 13) in base 16?
2
Convert 1 (base 11) to base 16.
1
Convert 2 (base 12) to base 5.
2
What is 1 (base 14) in base 2?
1
Convert -1c (base 16) to base 9.
-31
Convert 2 (base 9) to base 4.
2
Convert -33 (base 5) to base 13.
-15
Convert -5 (base 15) to base 13.
-5
Convert 36 (base 12) to base 15.
2c
4 (base 15) to base 5
4
Convert -22 (base 15) to base 12.
-28
-8 (base 11) to base 14
-8
What is -4 (base 12) in base 5?
-4
What is 38 (base 11) in base 16?
29
What is 2c (base 14) in base 5?
130
6 (base 8) to base 13
6
-5 (base 12) to base 14
-5
Convert -3010 (base 4) to base 9.
-237
-a4 (base 15) to base 8
-232
What is 4 (base 5) in base 3?
11
What is 110 (base 2) in base 12?
6
Convert -143 (base 5) to base 14.
-36
Convert -100010010 (base 2) to base 10.
-274
What is 0 (base 11) in base 13?
0
What is 5 (base 8) in base 16?
5
What is -123 (base 4) in base 2?
-11011
Convert 1d (base 14) to base 8.
33
What is 22 (base 4) in base 9?
11
What is 102 (base 6) in base 13?
2c
Convert -4 (base 16) to base 9.
-4
-1040 (base 7) to base 3
-111202
What is -3 (base 16) in base 9?
-3
Convert -3 (base 12) to base 8.
-3
What is -2 (base 7) in base 12?
-2
What is -2 (base 10) in base 6?
-2
Convert 1132 (base 5) to base 13.
cb
What is 253 (base 9) in base 16?
d2
Convert 106 (base 8) to base 5.
240
Convert 2 (base 11) to base 16.
2
Convert 22001 (base 3) to base 6.
1001
What is 230 (base 5) in base 9?
72
Convert -2 (base 5) to base 10.
-2
23 (base 10) to base 7
32
What is -6 (base 12) in base 5?
-11
What is -1202 (base 3) in base 2?
-101111
What is 9 (base 13) in base 7?
12
What is -262 (base 11) in base 3?
-102111
Convert -2 (base 4) to base 3.
-2
Convert 183 (base 10) to base 15.
c3
50 (base 11) to base 16
37
Convert 0 (base 11) to base 15.
0
Convert -23 (base 8) to base 11.
-18
4 (base 16) to base 10
4
4 (base 6) to base 5
4
What is -5 (base 9) in base 15?
-5
-1 (base 4) to base 8
-1
Convert 11 (base 7) to base 5.
13
Convert 2a (base 13) to base 16.
24
3 (base 9) to base 7
3
What is c (base 13) in base 8?
14
Convert 1003 (base 4) to base 5.
232
-15 (base 6) to base 14
-b
Convert -1 (base 15) to base 16.
-1
What is 57 (base 12) in base 15?
47
What is 13 (base 5) in base 6?
12
Convert -111 (base 3) to base 2.
-1101
Convert -1222 (base 3) to base 9.
-58
What is 122 (base 3) in base 14?
13
-10221 (base 3) to base 12
-8a
Convert 10 (base 8) to base 7.
11
-2 (base 4) to base 13
-2
54 (base 7) to base 8
47
What is -4d (base 15) in base 3?
-2201
Convert 1 (base 9) to base 13.
1
What is 6 (base 7) in base 2?
110
1011101 (base 2) to base 16
5d
Convert -110100011 (base 2) to base 11.
-351
Convert -11 (base 4) to base 13.
-5
Convert -22 (base 4) to base 11.
-a
Convert 4 (base 13) to base 15.
4
-96 (base 16) to base 5
-1100
Convert -1 (base 9) to base 11.
-1
Convert -253 (base 8) to base 4.
-2223
What is 210 (base 3) in base 10?
21
Convert -1 (base 16) to base 8.
-1
Convert a (base 15) to base 16.
a
Convert 4 (base 16) to base 7.
4
-113 (base 5) to base 12
-29
455 (base 8) to base 10
301
What is -201 (base 11) in base 12?
-183
-2 (base 6) to base 16
-2
What is 2 (base 13) in base 4?
2
Convert 12 (base 10) to base 13.
c
What is 2 (base 13) in base 14?
2
What is 10 (base 2) in base 10?
2
Convert -55 (base 8) to base 15.
-30
Convert -6 (base 12) to base 16.
-6
-220 (base 3) to base 14
-1a
0 (base 3) to base 14
0
What is 5 (base 11) in base 15?
5
Convert -4 (base 8) to base 14.
-4
What is -9 (base 16) in base 8?
-11
Convert -10 (base 12) to base 6.
-20
-356 (base 7) to base 4
-2330
Convert 5 (base 7) to base 2.
101
What is -3 (base 10) in base 9?
-3
3 (base 7) to base 2
11
What is -5 (base 12) in base 10?
-5
-1 (base 14) to base 9
-1
Convert -2 (base 11) to base 3.
-2
-1 (base 15) to base 8
-1
Convert -11 (base 4) to base 12.
-5
Convert -166 (base 7) to base 16.
-61
Convert -178 (base 10) to base 3.
-20121
Convert -31 (base 16) to base 11.
-45
Convert -3 (base 10) to base 16.
-3
2 (base 10) to base 11
2
c (base 13) to base 14
c
-110 (base 2) to base 16
-6
13 (base 6) to base 3
100
Convert -1 (base 12) to base 11.
-1
-4 (base 9) to base 13
-4
-10 (base 2) to base 11
-2
Convert 0 (base 11) to base 9.
0
Convert 0 (base 15) to base 14.
0
-3 (base 13) to base 10
-3
What is -6 (base 15) in base 12?
-6
-11100 (base 2) to base 13
-22
Convert 110 (base 2) to base 7.
6
What is 1 (base 6) in base 5?
1
What is 10 (base 3) in base 9?
3
What is 11011 (base 2) in base 6?
43
Convert 1010001 (base 2) to base 13.
63
Convert 22 (base 9) to base 10.
20
Convert 9 (base 13) to base 14.
9
2 (base 12) to base 3
2
Convert 76 (base 9) to base 14.
4d
1 (base 8) to base 11
1
Convert -111 (base 2) to base 8.
-7
4 (base 15) to base 3
11
2 (base 16) to base 15
2
What is -54 (base 7) in base 12?
-33
What is 2 (base 11) in base 2?
10
What is 100 (base 6) in base 8?
44
-12 (base 3) to base 4
-11
Convert 2c (base 15) to base 11.
39
What is 1 (base 9) in base 8?
1
What is 545 (base 7) in base 4?
10112
Convert 15 (base 12) to base 13.
14
Convert 2 (base 13) to base 2.
10
Convert -35 (base 13) to base 5.
-134
What is 12 (base 10) in base 7?
15
What is -6 (base 12) in base 16?
-6
30 (base 11) to base 8
41
What is -3 (base 4) in base 7?
-3
-15 (base 14) to base 16
-13
What is -1002 (base 3) in base 16?
-1d
Convert 21 (base 3) to base 14.
7
0 (base 8) to base 9
0
-29 (base 13) to base 8
-43
What is 20 (base 3) in base 4?
12
What is -1 (base 10) in base 4?
-1
What is -12 (base 10) in base 4?
-30
Convert -11011 (base 2) to base 10.
-27
Convert -1011 (base 2) to base 11.
-10
What is 4f (base 16) in base 2?
1001111
What is 11000 (base 2) in base 15?
19
-85 (base 15) to base 10
-125
-2 (base 13) to base 16
-2
101 (base 3) to base 11
a
-1 (base 8) to base 10
-1
What is 4 (base 8) in base 3?
11
-10 (base 3) to base 11
-3
Convert 11 (base 2) to base 3.
10
-103 (base 12) to base 10
-147
Convert -12 (base 5) to base 13.
-7
Convert 5 (base 7) to base 4.
11
Convert 20 (base 13) to base 4.
122
What is -34 (base 11) in base 8?
-45
What is -6 (base 15) in base 14?
-6
10 (base 6) to base 5
11
-9 (base 11) to base 12
-9
What is 11 (base 2) in base 15?
3
Convert -47 (base 10) to base 12.
-3b
What is 282 (base 10) in base 11?
237
What is 2 (base 16) in base 6?
2
What is 121 (base 5) in base 8?
44
Convert -10001100 (base 2) to base 3.
-12012
What is 26 (base 7) in base 8?
24
Convert -15 (base 7) to base 15.
-c
-1001101 (base 2) to base 9
-85
1 (base 7) to base 9
1
Convert 50 (base 6) to base 8.
36
Convert 303 (base 5) to base 16.
4e
What is 5 (base 9) in base 10?
5
What is 2d (base 15) in base